atest common factor of 5504 and 43?
43
Calculate the greatest common divisor of 6115 and 5.
5
Calculate the greatest common factor of 477 and 279.
9
Calculate the greatest common factor of 3374 and 14.
14
What is the highest common factor of 20 and 116?
4
Calculate the highest common divisor of 73 and 4307.
73
Calculate the greatest common factor of 205 and 2.
1
What is the highest common factor of 2304 and 16?
16
Calculate the highest common divisor of 6804 and 18.
18
What is the greatest common divisor of 20 and 1756?
4
Calculate the greatest common divisor of 73 and 11461.
73
Calculate the highest common divisor of 3100 and 500.
100
What is the highest common factor of 120 and 885?
15
What is the highest common factor of 531 and 59?
59
Calculate the highest common factor of 1136 and 16.
16
Calculate the greatest common divisor of 1404 and 1728.
108
Calculate the greatest common factor of 6600 and 110.
110
What is the highest common factor of 3 and 1641?
3
What is the highest common factor of 7 and 7651?
7
What is the greatest common factor of 188 and 423?
47
Calculate the highest common divisor of 23 and 391.
23
What is the greatest common factor of 26 and 46826?
26
What is the greatest common factor of 7896 and 336?
168
What is the highest common divisor of 36 and 396?
36
What is the highest common divisor of 210 and 330?
30
Calculate the greatest common factor of 12 and 612.
12
What is the highest common factor of 784 and 686?
98
What is the highest common divisor of 1053 and 324?
81
Calculate the highest common factor of 59 and 1829.
59
What is the highest common divisor of 110 and 44?
22
What is the highest common factor of 108 and 7452?
108
Calculate the highest common divisor of 8 and 360.
8
What is the highest common divisor of 20 and 288?
4
What is the highest common factor of 15 and 170?
5
What is the greatest common divisor of 144 and 12744?
72
Calculate the greatest common divisor of 31 and 837.
31
Calculate the greatest common divisor of 210 and 7805.
35
Calculate the greatest common factor of 21 and 35.
7
What is the highest common factor of 144 and 9?
9
What is the greatest common divisor of 3302 and 234?
26
What is the highest common divisor of 193 and 38793?
193
What is the greatest common divisor of 230 and 30?
10
Calculate the highest common divisor of 1 and 422.
1
What is the greatest common factor of 132 and 88?
44
What is the greatest common divisor of 36 and 9852?
12
What is the highest common divisor of 195 and 637?
13
Calculate the greatest common divisor of 1386 and 56.
14
What is the highest common divisor of 904 and 8?
8
Calculate the greatest common factor of 34 and 1836.
34
Calculate the highest common factor of 20 and 5660.
20
What is the greatest common factor of 339 and 4294?
113
Calculate the highest common factor of 14 and 2538.
2
Calculate the greatest common factor of 273 and 20358.
39
What is the highest common divisor of 294 and 364?
14
Calculate the greatest common divisor of 511 and 657.
73
What is the greatest common divisor of 356 and 1157?
89
What is the highest common divisor of 2 and 251?
1
What is the highest common factor of 2550 and 600?
150
What is the greatest common divisor of 282 and 6956?
94
Calculate the highest common factor of 10215 and 45.
45
Calculate the greatest common factor of 1195 and 5.
5
What is the highest common factor of 11774 and 7?
7
Calculate the greatest common divisor of 1105 and 12818.
221
What is the greatest common factor of 609 and 35?
7
Calculate the highest common factor of 32 and 12.
4
Calculate the greatest common divisor of 329 and 94.
47
What is the greatest common factor of 3 and 2103?
3
What is the greatest common divisor of 12 and 516?
12
What is the greatest common divisor of 117 and 26?
13
What is the highest common divisor of 36 and 1008?
36
What is the highest common factor of 1562 and 22?
22
Calculate the highest common factor of 174 and 8584.
58
Calculate the highest common divisor of 624 and 32.
16
Calculate the highest common divisor of 400 and 304.
16
What is the greatest common divisor of 7147 and 7?
7
What is the greatest common factor of 91 and 39?
13
Calculate the greatest common factor of 35 and 175.
35
Calculate the highest common divisor of 260 and 30.
10
What is the highest common factor of 81 and 77193?
81
Calculate the greatest common factor of 66 and 440.
22
What is the greatest common divisor of 66 and 132?
66
Calculate the greatest common factor of 77 and 189.
7
Calculate the highest common divisor of 69 and 23.
23
Calculate the greatest common factor of 1738 and 316.
158
What is the greatest common factor of 55 and 143?
11
Calculate the greatest common divisor of 4165 and 340.
85
What is the highest common divisor of 2453 and 22?
11
What is the highest common divisor of 58 and 1247?
29
Calculate the greatest common divisor of 4521 and 137.
137
Calculate the greatest common factor of 26 and 3224.
26
Calculate the highest common divisor of 2384 and 24.
8
What is the greatest common factor of 212 and 1590?
106
What is the greatest common divisor of 13 and 13?
13
What is the highest common divisor of 230 and 506?
46
Calculate the highest common factor of 75 and 3285.
15
What is the greatest common factor of 2 and 18?
2
Calculate the highest common factor of 28 and 68.
4
What is the greatest common divisor of 166 and 6?
2
What is the greatest common factor of 12 and 244?
4
What is the highest common factor of 35 and 115?
5
Calculate the highest common factor of 171 and 117.
9
What is the highest common divisor of 18 and 214?
2
What is the highest common divisor of 7426 and 158?
158
What is the greatest common factor of 1314 and 288?
18
What is the greatest common factor of 9 and 498?
3
What is the greatest common divisor of 4 and 96?
4
What is the highest common factor of 9 and 501?
3
What is the greatest common divisor of 9 and 1?
1
What is the highest common factor of 172 and 1075?
43
What is the highest common divisor of 13806 and 59?
59
Calculate the greatest common factor of 132 and 48.
12
Calculate the greatest common factor of 206 and 1339.
103
What is the highest common factor of 78 and 78?
78
Calculate the greatest common factor of 159 and 2597.
53
What is the greatest common divisor of 18 and 495?
9
Calculate the greatest common divisor of 9546 and 129.
129
Calculate the highest common factor of 68 and 6562.
34
What is the highest common factor of 12 and 42?
6
What is the highest common factor of 2680 and 10988?
268
Calculate the greatest common divisor of 416 and 884.
52
Calculate the greatest common divisor of 2598 and 24.
6
Calculate the greatest common factor of 39 and 723.
3
Calculate the highest common factor of 105 and 1085.
35
What is the highest common factor of 232 and 2146?
58
What is the greatest common divisor of 603 and 67?
67
Calculate the highest common factor of 198 and 207.
9
What is the highest common divisor of 50 and 650?
50
What is the highest common factor of 52 and 13637?
13
Calculate the greatest common factor of 7 and 25.
1
Calculate the highest common factor of 235 and 47.
47
Calculate the greatest common factor of 24 and 136.
8
What is the highest common factor of 8890 and 1016?
254
What is the highest common divisor of 5904 and 32?
16
Calculate the greatest common divisor of 217 and 3224.
31
Calculate the greatest common factor of 8920 and 40.
40
What is the greatest common divisor of 10 and 4?
2
What is the highest common factor of 3381 and 882?
147
Calculate the greatest common factor of 23 and 3427.
23
Calculate the greatest common factor of 71 and 60.
1
Calculate the highest common divisor of 1067 and 3104.
97
What is the highest common factor of 1073 and 37?
37
Calculate the greatest common factor of 1 and 171.
1
Calculate the greatest common factor of 26 and 3406.
26
What is the greatest common divisor of 64 and 1264?
16
Calculate the greatest common divisor of 2586 and 9.
3
Calculate the highest common divisor of 11 and 11.
11
What is the highest common factor of 15 and 48?
3
Calculate the highest common divisor of 78 and 156.
78
What is the highest common factor of 30 and 330?
30
What is the greatest common divisor of 7 and 2611?
7
Calculate the greatest common factor of 16 and 7468.
4
C